082 a multiple of 153?
False
Does 341 divide 4431295?
True
Is 114 a factor of 137392?
False
Is 575 a factor of 23574071?
False
Does 341 divide 319176?
True
Is 44 a factor of 7561224?
True
Does 418 divide 1916409?
False
Is 171162 a multiple of 333?
True
Does 33 divide 747543?
False
Does 260 divide 11180?
True
Is 471922 a multiple of 19?
True
Is 359068 a multiple of 103?
False
Does 12 divide 5578692?
True
Does 16 divide 3118448?
True
Does 15 divide 1512453?
False
Does 12 divide 3875430?
False
Does 87 divide 10318?
False
Is 40 a factor of 1497724?
False
Is 444624 a multiple of 94?
False
Is 53620 a multiple of 4?
True
Is 10 a factor of 4132900?
True
Does 48 divide 111299?
False
Is 31 a factor of 162513?
False
Is 13 a factor of 3043274?
True
Is 353 a factor of 104029?
False
Is 25 a factor of 166925?
True
Is 3 a factor of 17710?
False
Does 16 divide 238317?
False
Does 6 divide 120666?
True
Is 468899 a multiple of 18?
False
Does 13 divide 63584?
False
Does 27 divide 38745?
True
Does 184 divide 555901?
False
Is 7119765 a multiple of 135?
True
Does 117 divide 378503?
False
Is 67 a factor of 4013970?
True
Is 19 a factor of 21534802?
False
Is 16242 a multiple of 3?
True
Is 22050 a multiple of 441?
True
Is 90975 a multiple of 25?
True
Does 425 divide 229111?
False
Does 603 divide 1979046?
True
Is 3248362 a multiple of 101?
True
Is 87 a factor of 169389?
True
Does 886 divide 13732637?
False
Is 25950 a multiple of 151?
False
Is 70826 a multiple of 62?
False
Is 221793 a multiple of 11?
True
Is 30 a factor of 144242?
False
Does 490 divide 9063813?
False
Is 4111748 a multiple of 46?
False
Is 52 a factor of 1089556?
True
Is 6860068 a multiple of 947?
True
Does 146 divide 258128?
True
Does 32 divide 201760?
True
Is 4364280 a multiple of 81?
True
Is 32 a factor of 34799?
False
Is 6 a factor of 128759?
False
Does 66 divide 241422?
False
Does 24 divide 174768?
True
Is 156002 a multiple of 68?
False
Is 19 a factor of 5968973?
False
Is 55 a factor of 108758?
False
Is 6397286 a multiple of 7?
True
Does 35 divide 431025?
True
Is 131751 a multiple of 20?
False
Is 41064 a multiple of 29?
True
Does 9 divide 425142?
True
Is 1937427 a multiple of 14?
False
Is 30 a factor of 158789?
False
Is 6546997 a multiple of 411?
False
Is 7000668 a multiple of 1107?
True
Is 507736 a multiple of 18?
False
Is 106080 a multiple of 60?
True
Is 66 a factor of 736428?
True
Is 36 a factor of 1978920?
True
Is 23 a factor of 1267347?
False
Is 29766 a multiple of 6?
True
Is 1446793 a multiple of 19?
True
Is 536 a factor of 1016792?
True
Does 5 divide 18248?
False
Is 2805752 a multiple of 106?
False
Is 21 a factor of 45876?
False
Is 11 a factor of 105162?
False
Is 12 a factor of 506244?
True
Is 71 a factor of 1862472?
True
Is 97 a factor of 1073129?
False
Is 391 a factor of 642022?
True
Does 183 divide 3775107?
True
Is 1157016 a multiple of 42?
True
Does 110 divide 964590?
True
Is 616 a factor of 3296971?
False
Does 27 divide 58731?
False
Is 53052 a multiple of 10?
False
Is 32151 a multiple of 176?
False
Does 241 divide 24794751?
False
Is 44 a factor of 2223012?
True
Is 86 a factor of 14220014?
True
Does 18 divide 1534590?
True
Is 263 a factor of 35385861?
True
Does 79 divide 428309?
False
Does 82 divide 7626?
True
Is 305031 a multiple of 42?
False
Is 6407969 a multiple of 1568?
False
Does 83 divide 256138?
True
Is 2 a factor of 9832?
True
Is 27230280 a multiple of 2310?
True
Does 174 divide 650586?
True
Is 4574844 a multiple of 13?
False
Is 37 a factor of 17168?
True
Is 13 a factor of 282802?
True
Does 120 divide 6879969?
False
Is 1614742 a multiple of 92?
False
Does 95 divide 93923?
False
Does 295 divide 14283422?
False
Is 3092634 a multiple of 166?
False
Does 7 divide 1089375?
True
Is 10 a factor of 209250?
True
Is 112 a factor of 27376586?
False
Is 2376701 a multiple of 23?
False
Is 1889344 a multiple of 8?
True
Does 59 divide 646537?
False
Is 29 a factor of 67587?
False
Does 356 divide 1035960?
True
Is 1621692 a multiple of 421?
True
Is 5866416 a multiple of 9?
True
Is 62264 a multiple of 4?
True
Is 76 a factor of 1736068?
True
Is 11124079 a multiple of 54?
False
Is 53 a factor of 8493356?
True
Is 1932957 a multiple of 39?
True
Is 966 a factor of 668472?
True
Does 18 divide 206093?
False
Does 134 divide 4376641?
False
Is 233228 a multiple of 38?
False
Is 206660 a multiple of 5?
True
Is 8182710 a multiple of 18?
True
Does 16 divide 489280?
True
Is 352874 a multiple of 7?
False
Does 20 divide 1404560?
True
Does 35 divide 4456550?
True
Does 64 divide 110464?
True
Does 10 divide 6175?
False
Is 470616 a multiple of 4?
True
Does 30 divide 4943?
False
Is 9 a factor of 538959?
False
Does 299 divide 116311?
True
Is 24 a factor of 89973?
False
Is 274 a factor of 120012?
True
Does 216 divide 1076760?
True
Is 139150 a multiple of 275?
True
Is 493176 a multiple of 119?
False
Is 116 a factor of 2111384?
False
Does 161 divide 1599213?
True
Is 1136873 a multiple of 171?
False
Is 81554 a multiple of 22?
True
Is 77 a factor of 32053?
False
Is 28 a factor of 76472?
False
Is 370 a factor of 632700?
True
Does 57 divide 131921?
False
Is 4 a factor of 5105104?
True
Is 41536 a multiple of 76?
False
Is 134 a factor of 65660?
True
Is 2566305 a multiple of 288?
False
Does 751 divide 8435582?
False
Does 27 divide 2439180?
True
Does 354 divide 79296?
True
Does 761 divide 414745?
True
Is 884078 a multiple of 26?
True
Is 2472444 a multiple of 468?
True
Is 2067 a factor of 2195154?
True
Is 382186 a multiple of 14?
True
Is 10551914 a multiple of 86?
False
Is 8299038 a multiple of 11?
True
Is 3564 a multiple of 594?
True
Is 6652171 a multiple of 820?
False
Is 32777 a multiple of 15?
False
Does 117 divide 2692615?
False
Does 64 divide 1004528?
False
Is 1364345 a multiple of 4?
False
Does 131 divide 254365?
False
Does 717 divide 1456197?
False
Does 3 divide 166240?
False
Is 23 a factor of 189221?
True
Is 523 a factor of 1661986?
False
Is 1701088 a multiple of 17?
True
Does 95 divide 89205?
True
Is 6111835 a multiple of 5?
True
Is 663589 a multiple of 15?
False
Is 7 a factor of 6833287?
False
Does 10 divide 42354?
False
Is 11288 a multiple of 323?
False
Is 71 a factor of 386672?
False
Is 7591756 a multiple of 11?
False
Is 4758804 a multiple of 951?
True
Is 12 a factor of 46703?
False
Does 294 divide 212588?
False
Is 485254 a multiple of 161?
True
Does 12 divide 162522?
False
Is 172 a factor of 18581?
False
Is 148 a factor of 20868?
True
Does 11 divide 1048014?
True
Does 84 divide 27428?
False
Does 53 divide 4034417?
False
Is 454 a factor of 1833252?
True
Is 29 a factor of 763135?
True
Does 911 divide 2318495?
True
Is 262 a factor of 77276?
False
Is 217 a factor of 934522?
False
Is 1761 a factor of 3173322?
True
Is 1549720 a multiple of 424?
True
Does 949 divide 4458402?
True
Is 21 a factor of 13283928?
True
Does 44 divide 541728?
True
Is 17874 a multiple of 11?
False
Does 343 divide 13346130?
True
Is 6568123 a multiple of 119?
False
Does 5 divide 175464?
False
Does 165 divide 99113?
False
Is 1556547 a multiple of 211?
True
Is 3986946 a multiple of 11?
False
Is 8 a factor of 14087?
False
Does 26 divide 802230?
True
Is 2882023 a multiple of 731?
False
Is 56 a factor of 335720?
True
Does 24 divide 808440?
True
Is 717557 a multiple of 59?
False
Does 21 divide 228522?
True
Does 17 divide 958873?
False
Is 6519744 a multiple of 1617?
True
Does 29 divide 587604?
False
Is 132 a factor of 5776716?
True
Does 15 divide 2456595?
True
Does 12 divide 725033?
False
Does 27 divide 6111153?
True
Does 17 divide 186898?
True
Is 50 a factor of 9692850?
True
Is 15799049 a multiple of 36?
False
Is 293260 a multiple of 3?
False
Is 6445365 a multiple of 92?
False
Is 7 a factor of 546108?
False
Does 325 divide 78275?
False
Is 95 a factor of 4125259?
False
Is 40 a factor of 4573680?
True
Does 346 divide 1888122?
True
Is 38 a factor of 19696?
False
Is 3240693 a multiple of 87?
False
Is 1935470 a multiple of 25?
False
Is 1323048 a multiple of 13?
False
Does 693 divide 981981?
True
Is 2150122 a multiple of 13?
True
Is 555472 a multiple of 123?
False
Does 66 divide 34452?
True
Is 88 a factor of 142798?
False
Is 52 a factor of 2684656?
True
Is 10521 a multiple of 7?
True
Is 1313 a factor of 4562675?
True
Does 13 divide 419861?
True
Is 763 a factor of 1311